{"id":13922,"date":"2022-10-30T23:49:33","date_gmt":"2022-10-30T22:49:33","guid":{"rendered":"https:\/\/www.brennholz-dorbath.de\/WP2022\/?page_id=13922"},"modified":"2022-10-31T00:02:42","modified_gmt":"2022-10-30T23:02:42","slug":"masseinheiten","status":"publish","type":"page","link":"https:\/\/www.brennholz-dorbath.de\/WP2022\/masseinheiten\/","title":{"rendered":"Masseinheiten"},"content":{"rendered":"<div class=\"wpb-content-wrapper\"><p>[vc_row][vc_column][vc_column_text]<\/p>\n<h1>Ma\u00dfeinheiten erkl\u00e4rt<\/h1>\n<p>[\/vc_column_text][vc_column_text]<\/p>\n<h3><strong>Es gibt keine verbindliche Umrechnungsfaktoren f\u00fcr Scheitholz<\/strong><\/h3>\n<p>Umrechnungswerte sind nur Erfahrungs-oder Richtwerte, die gro\u00dfe Unterschiede ausweisen. Teils gezielt, aber auch aus Unkenntnis werden falsche Zahlen ver\u00f6ffentlicht.<\/p>\n<p>Umrechnungsfaktoren von Festmeter oder Raummeter in Sch\u00fcttraumeter sind laut Satzung des<\/p>\n<p>BuVBB nicht zul\u00e4ssig, weil sie von vielen Faktoren abh\u00e4ngig sind, wie z. B. von Holzart,<\/p>\n<p>Kr\u00fcmmungen, Astans\u00e4tzen, sowie Holzfeuchte und Lieferbeh\u00e4lter.<\/p>\n<p>&nbsp;<\/p>\n<h3><strong>Alle Ma\u00dfeinheiten beziehen sich auf einen Kubikmeter ( m\u00b3 ), siehe Foto.<\/strong><\/h3>\n<p>W\u00fcrfel: 1m x 1m x 1m[\/vc_column_text][vc_column_text]<img loading=\"lazy\" decoding=\"async\" class=\"size-full wp-image-13928\" src=\"https:\/\/www.brennholz-dorbath.de\/WP2022\/wp-content\/uploads\/2022\/10\/Wuerfel_braun.jpg\" alt=\"\" width=\"200\" height=\"150\" \/>[\/vc_column_text][\/vc_column][\/vc_row][vc_row][vc_column][vc_column_text]<\/p>\n<h1>Festmeter ( fm ) ist 1m\u00b3 massives Holz, ohne Luftr\u00e4ume<\/h1>\n<p>[\/vc_column_text][vc_column_text]<img loading=\"lazy\" decoding=\"async\" class=\"aligncenter size-full wp-image-13930\" src=\"https:\/\/www.brennholz-dorbath.de\/WP2022\/wp-content\/uploads\/2022\/10\/Festmeter_klein.jpg\" alt=\"\" width=\"200\" height=\"150\" \/>[\/vc_column_text][vc_column_text]Stammholz wird in fm berechnet und verkauft.[\/vc_column_text][\/vc_column][\/vc_row][vc_row][vc_column][vc_column_text]<\/p>\n<h1>Raummeter (Ster) ist eine Einheit f\u00fcr Rund-oder Scheitholz von 1m L\u00e4nge<\/h1>\n<p>[\/vc_column_text][vc_column_text]<img loading=\"lazy\" decoding=\"async\" class=\"aligncenter size-full wp-image-13932\" src=\"https:\/\/www.brennholz-dorbath.de\/WP2022\/wp-content\/uploads\/2022\/10\/Ster_klein.jpg\" alt=\"\" width=\"200\" height=\"150\" \/>[\/vc_column_text][vc_column_text]aufgesetzt mit mehr oder weniger Luft zwischen den einzelnen Scheiten. Es ist keine festgelegte Holzmenge enthalten, sondern nur ein festgelegtes Raumma\u00df.<\/p>\n<p>1m L\u00e4nge , 1 m Breite und 1,03 m H\u00f6he entspricht 1 Raummeter = rm ( Ster ).<\/p>\n<p>Als Rundb\u00fcndel ( siehe Foto oben ) mit einem Durchmesser von ca. 1,15 m.[\/vc_column_text][\/vc_column][\/vc_row][vc_row][vc_column][vc_column_text]<\/p>\n<h1>Sch\u00fcttraummeter(srm) ist 1m\u00b3 lose und ungeordnet<br \/>\ngesch\u00fcttete Holzscheite<\/h1>\n<p>[\/vc_column_text][vc_column_text]<img loading=\"lazy\" decoding=\"async\" class=\"aligncenter size-full wp-image-13934\" src=\"https:\/\/www.brennholz-dorbath.de\/WP2022\/wp-content\/uploads\/2022\/10\/Brennholz_lose_-Kopie.jpg\" alt=\"\" width=\"200\" height=\"150\" \/>[\/vc_column_text][vc_column_text]mit Lufthohlr\u00e4umen. ( siehe Bild ).<\/p>\n<p>Diese Einheit ( srm ) eignet sich besonders gut f\u00fcr gro\u00dfe Brennholzbetriebe, die gro\u00dfe Mengen ofenfertiges Scheitholz lose vorlagern k\u00f6nnen. ( siehe Bild )[\/vc_column_text][\/vc_column][\/vc_row][vc_row][vc_column][vc_column_text]<\/p>\n<h1>Schichtraummeter ist 1m\u00b3 aufgesetztes, ofenfertig kurz geschnittenes Scheitholz<\/h1>\n<p>[\/vc_column_text][vc_column_text]<img loading=\"lazy\" decoding=\"async\" class=\"size-full wp-image-13940 aligncenter\" src=\"https:\/\/www.brennholz-dorbath.de\/WP2022\/wp-content\/uploads\/2022\/10\/Schichtm.jpg\" alt=\"\" width=\"200\" height=\"150\" \/><img loading=\"lazy\" decoding=\"async\" class=\"size-full wp-image-13941 aligncenter\" src=\"https:\/\/www.brennholz-dorbath.de\/WP2022\/wp-content\/uploads\/2022\/10\/Schichtmeter.jpg\" alt=\"\" width=\"200\" height=\"150\" \/><\/p>\n<p>[\/vc_column_text][vc_column_text]Durch die kurze Scheitholzl\u00e4nge sind weniger und kleinere Luftr\u00e4ume als beim Raummeter; deshalb mehr Holzmasse je m\u00b3.[\/vc_column_text][\/vc_column][\/vc_row]<\/p>\n<\/div>","protected":false},"excerpt":{"rendered":"<p>[vc_row][vc_column][vc_column_text] Ma\u00dfeinheiten erkl\u00e4rt [\/vc_column_text][vc_column_text] Es gibt keine verbindliche Umrechnungsfaktoren f\u00fcr Scheitholz Umrechnungswerte sind nur Erfahrungs-oder Richtwerte, die gro\u00dfe Unterschiede ausweisen. Teils gezielt, aber auch aus Unkenntnis werden falsche Zahlen ver\u00f6ffentlicht. Umrechnungsfaktoren von Festmeter oder Raummeter in Sch\u00fcttraumeter sind laut Satzung des BuVBB nicht zul\u00e4ssig, weil sie von vielen Faktoren abh\u00e4ngig sind, wie z. B. von [&hellip;]<\/p>\n","protected":false},"author":1,"featured_media":0,"parent":0,"menu_order":0,"comment_status":"closed","ping_status":"closed","template":"","meta":{"footnotes":""},"class_list":["post-13922","page","type-page","status-publish","hentry"],"_links":{"self":[{"href":"https:\/\/www.brennholz-dorbath.de\/WP2022\/wp-json\/wp\/v2\/pages\/13922","targetHints":{"allow":["GET"]}}],"collection":[{"href":"https:\/\/www.brennholz-dorbath.de\/WP2022\/wp-json\/wp\/v2\/pages"}],"about":[{"href":"https:\/\/www.brennholz-dorbath.de\/WP2022\/wp-json\/wp\/v2\/types\/page"}],"author":[{"embeddable":true,"href":"https:\/\/www.brennholz-dorbath.de\/WP2022\/wp-json\/wp\/v2\/users\/1"}],"replies":[{"embeddable":true,"href":"https:\/\/www.brennholz-dorbath.de\/WP2022\/wp-json\/wp\/v2\/comments?post=13922"}],"version-history":[{"count":10,"href":"https:\/\/www.brennholz-dorbath.de\/WP2022\/wp-json\/wp\/v2\/pages\/13922\/revisions"}],"predecessor-version":[{"id":13946,"href":"https:\/\/www.brennholz-dorbath.de\/WP2022\/wp-json\/wp\/v2\/pages\/13922\/revisions\/13946"}],"wp:attachment":[{"href":"https:\/\/www.brennholz-dorbath.de\/WP2022\/wp-json\/wp\/v2\/media?parent=13922"}],"curies":[{"name":"wp","href":"https:\/\/api.w.org\/{rel}","templated":true}]}}