{"id":13865,"date":"2022-10-30T22:43:14","date_gmt":"2022-10-30T21:43:14","guid":{"rendered":"https:\/\/www.brennholz-dorbath.de\/WP2022\/?page_id=13865"},"modified":"2022-11-01T08:20:30","modified_gmt":"2022-11-01T07:20:30","slug":"knisterbox","status":"publish","type":"page","link":"https:\/\/www.brennholz-dorbath.de\/WP2022\/produkte\/knisterbox\/","title":{"rendered":"Knisterbox"},"content":{"rendered":"<div class=\"wpb-content-wrapper\"><p>[vc_row][vc_column][vc_column_text]<\/p>\n<h1>Knisterbox Geschenkkarton<\/h1>\n<p>[\/vc_column_text][vc_column_text]<\/p>\n<h2>Einsteiger: Box mit Buchenscheite in L\u00e4nge 25 cm oder 33 cm, Anfeuerholz, Anz\u00fcnder und Streichh\u00f6lzer, handlich beim Transport durch ergonomische Tragegriffe<\/h2>\n<p>[\/vc_column_text][vc_column_text]<img loading=\"lazy\" decoding=\"async\" class=\"aligncenter wp-image-13866\" src=\"https:\/\/www.brennholz-dorbath.de\/WP2022\/wp-content\/uploads\/2022\/10\/Knisterbox_einsteiger_klein.jpg\" alt=\"\" width=\"300\" height=\"533\" srcset=\"https:\/\/www.brennholz-dorbath.de\/WP2022\/wp-content\/uploads\/2022\/10\/Knisterbox_einsteiger_klein.jpg 608w, https:\/\/www.brennholz-dorbath.de\/WP2022\/wp-content\/uploads\/2022\/10\/Knisterbox_einsteiger_klein-169x300.jpg 169w, https:\/\/www.brennholz-dorbath.de\/WP2022\/wp-content\/uploads\/2022\/10\/Knisterbox_einsteiger_klein-576x1024.jpg 576w\" sizes=\"auto, (max-width: 300px) 100vw, 300px\" \/><\/p>\n<p>[\/vc_column_text][vc_column_text]<\/p>\n<h4 style=\"text-align: center;\"><strong>Knisterbox Einsteiger 12,50 Euro<\/strong><\/h4>\n<p>[\/vc_column_text][vc_column_text]<\/p>\n<hr \/>\n<p>[\/vc_column_text][\/vc_column][\/vc_row][vc_row][vc_column][vc_column_text]<\/p>\n<h1>Knisterbox Geschenkkarton<\/h1>\n<p>[\/vc_column_text][vc_column_text]<\/p>\n<h2>Romantik: Box mit Buchenscheite in L\u00e4ngen von 25cm und 33 cm, Anfeuerholz, Anz\u00fcnder, Streichh\u00f6lzer und k\u00f6stlichem Wein aus Tauberfranken<\/h2>\n<p>[\/vc_column_text][vc_column_text]<\/p>\n<h3><strong>Schnelle L\u00f6sung f\u00fcr gem\u00fctliche Abende am Kamin- und Kachelofen oder Grillparty<\/strong><\/h3>\n<h3><strong>Ideal auch als wertiges und au\u00dfergew\u00f6hnliches Geschenk<\/strong><\/h3>\n<p>[\/vc_column_text][vc_column_text]<\/p>\n<h3><strong><img loading=\"lazy\" decoding=\"async\" class=\"aligncenter wp-image-13870\" src=\"https:\/\/www.brennholz-dorbath.de\/WP2022\/wp-content\/uploads\/2022\/10\/Knisterbox_romantik_klein.jpg\" alt=\"\" width=\"281\" height=\"500\" srcset=\"https:\/\/www.brennholz-dorbath.de\/WP2022\/wp-content\/uploads\/2022\/10\/Knisterbox_romantik_klein.jpg 608w, https:\/\/www.brennholz-dorbath.de\/WP2022\/wp-content\/uploads\/2022\/10\/Knisterbox_romantik_klein-169x300.jpg 169w, https:\/\/www.brennholz-dorbath.de\/WP2022\/wp-content\/uploads\/2022\/10\/Knisterbox_romantik_klein-576x1024.jpg 576w\" sizes=\"auto, (max-width: 281px) 100vw, 281px\" \/><\/strong><\/h3>\n<p>[\/vc_column_text][vc_column_text]<\/p>\n<h4 style=\"text-align: center;\"><strong>Knisterbox Romantik 19,50 Euro<\/strong><\/h4>\n<p>[\/vc_column_text][vc_column_text]<\/p>\n<hr \/>\n<p>[\/vc_column_text][\/vc_column][\/vc_row]<\/p>\n<\/div>","protected":false},"excerpt":{"rendered":"<p>[vc_row][vc_column][vc_column_text] Knisterbox Geschenkkarton [\/vc_column_text][vc_column_text] Einsteiger: Box mit Buchenscheite in L\u00e4nge 25 cm oder 33 cm, Anfeuerholz, Anz\u00fcnder und Streichh\u00f6lzer, handlich beim Transport durch ergonomische Tragegriffe [\/vc_column_text][vc_column_text] [\/vc_column_text][vc_column_text] Knisterbox Einsteiger 12,50 Euro [\/vc_column_text][vc_column_text] [\/vc_column_text][\/vc_column][\/vc_row][vc_row][vc_column][vc_column_text] Knisterbox Geschenkkarton [\/vc_column_text][vc_column_text] Romantik: Box mit Buchenscheite in L\u00e4ngen von 25cm und 33 cm, Anfeuerholz, Anz\u00fcnder, Streichh\u00f6lzer und k\u00f6stlichem Wein aus Tauberfranken [&hellip;]<\/p>\n","protected":false},"author":1,"featured_media":0,"parent":13808,"menu_order":0,"comment_status":"closed","ping_status":"closed","template":"","meta":{"footnotes":""},"class_list":["post-13865","page","type-page","status-publish","hentry"],"_links":{"self":[{"href":"https:\/\/www.brennholz-dorbath.de\/WP2022\/wp-json\/wp\/v2\/pages\/13865","targetHints":{"allow":["GET"]}}],"collection":[{"href":"https:\/\/www.brennholz-dorbath.de\/WP2022\/wp-json\/wp\/v2\/pages"}],"about":[{"href":"https:\/\/www.brennholz-dorbath.de\/WP2022\/wp-json\/wp\/v2\/types\/page"}],"author":[{"embeddable":true,"href":"https:\/\/www.brennholz-dorbath.de\/WP2022\/wp-json\/wp\/v2\/users\/1"}],"replies":[{"embeddable":true,"href":"https:\/\/www.brennholz-dorbath.de\/WP2022\/wp-json\/wp\/v2\/comments?post=13865"}],"version-history":[{"count":4,"href":"https:\/\/www.brennholz-dorbath.de\/WP2022\/wp-json\/wp\/v2\/pages\/13865\/revisions"}],"predecessor-version":[{"id":13872,"href":"https:\/\/www.brennholz-dorbath.de\/WP2022\/wp-json\/wp\/v2\/pages\/13865\/revisions\/13872"}],"up":[{"embeddable":true,"href":"https:\/\/www.brennholz-dorbath.de\/WP2022\/wp-json\/wp\/v2\/pages\/13808"}],"wp:attachment":[{"href":"https:\/\/www.brennholz-dorbath.de\/WP2022\/wp-json\/wp\/v2\/media?parent=13865"}],"curies":[{"name":"wp","href":"https:\/\/api.w.org\/{rel}","templated":true}]}}