{"id":13813,"date":"2022-10-30T21:16:27","date_gmt":"2022-10-30T20:16:27","guid":{"rendered":"https:\/\/www.brennholz-dorbath.de\/WP2022\/?page_id=13813"},"modified":"2023-11-09T15:19:36","modified_gmt":"2023-11-09T14:19:36","slug":"scheitholz-buche","status":"publish","type":"page","link":"https:\/\/www.brennholz-dorbath.de\/WP2022\/produkte\/scheitholz-buche\/","title":{"rendered":"Scheitholz Buche \/ Esche \/ Ahorn"},"content":{"rendered":"<div class=\"wpb-content-wrapper\"><p>[vc_row][vc_column][vc_column_text]<\/p>\n<h2><strong>Bitte beachten Sie auch unsere Aktionen!<\/strong><\/h2>\n<p>[\/vc_column_text][vc_column_text]<\/p>\n<h2><img loading=\"lazy\" decoding=\"async\" class=\"Buche20cm alignleft wp-image-13814 size-full\" src=\"https:\/\/www.brennholz-dorbath.de\/WP2022\/wp-content\/uploads\/2022\/10\/Buche_20.jpg\" alt=\"\" width=\"267\" height=\"200\" \/>Scheitholz Buche\/Esche\/Ahorn\u00a0 20cm\/Euro<\/h2>\n<p><strong>Preis frisch<\/strong>: <strong>ab 111,&#8211;\/je srm<br \/>\n<\/strong><\/p>\n<p><strong>Preis trocken<\/strong>: <strong>ab 126,&#8211;\/je srm<br \/>\n<\/strong><\/p>\n<p><strong>Geeignet f\u00fcr<\/strong>: Beistellherde, kleine K\u00fcchen\u00f6fen<\/p>\n<p><strong>St\u00e4rke des Scheites<\/strong>: bis ca. 11 cm[\/vc_column_text][vc_column_text]<\/p>\n<hr \/>\n<p>[\/vc_column_text][vc_column_text]<\/p>\n<h2><img loading=\"lazy\" decoding=\"async\" class=\"size-full wp-image-13819 alignleft\" src=\"https:\/\/www.brennholz-dorbath.de\/WP2022\/wp-content\/uploads\/2022\/10\/Buche_25_fein.jpg\" alt=\"\" width=\"267\" height=\"200\" \/>Scheitholz Buche\/Esche\/Ahorn 25cm fein\/Euro<\/h2>\n<p><strong>Preis frisch: ab 110,&#8211;\/je srm<br \/>\n<\/strong><\/p>\n<p><strong>Preis trocken: ab 125,&#8211;\/je srm<br \/>\n<\/strong><\/p>\n<p><strong>Geeignet f\u00fcr:<\/strong>\u00a0Speckstein\u00f6fen, K\u00fcchen\u00f6fen<\/p>\n<p><strong>St\u00e4rke des Scheites:<\/strong>\u00a0bis ca. 13 cm[\/vc_column_text][vc_column_text]<\/p>\n<hr \/>\n<p>[\/vc_column_text][vc_column_text]<\/p>\n<h2><img loading=\"lazy\" decoding=\"async\" class=\"size-full wp-image-13824 alignleft\" src=\"https:\/\/www.brennholz-dorbath.de\/WP2022\/wp-content\/uploads\/2022\/10\/Buche_25_grob.jpg\" alt=\"\" width=\"267\" height=\"200\" \/>Scheitholz Buche\/Esche\/Ahorn 25cm grob\/Euro<\/h2>\n<p><strong>Preis frisch: ab 107,&#8211;\/je srm<br \/>\n<\/strong><\/p>\n<p><strong>Preis trocken: ab 122,&#8211;\/je srm<br \/>\n<\/strong><\/p>\n<p><strong>Geeignet f\u00fcr:<\/strong>\u00a0Speckstein\u00f6fen, Kachel\u00f6fen, Grund\u00f6fen, Kamin\u00f6fen<\/p>\n<p><strong>St\u00e4rke des Scheites:<\/strong>\u00a0bis ca. 16 cm[\/vc_column_text][vc_column_text]<\/p>\n<hr \/>\n<p>[\/vc_column_text][vc_column_text]<\/p>\n<h2><img loading=\"lazy\" decoding=\"async\" class=\"size-full wp-image-13830 alignleft\" src=\"https:\/\/www.brennholz-dorbath.de\/WP2022\/wp-content\/uploads\/2022\/10\/Buche_33.jpg\" alt=\"\" width=\"267\" height=\"200\" \/>Scheitholz Buche\/Esche\/Ahorn 33cm\/Euro<\/h2>\n<p><strong>Preis frisch: ab 103,&#8211;\/je srm<br \/>\n<\/strong><\/p>\n<p><strong>Preis trocken: ab 118,&#8211;\/je srm<br \/>\n<\/strong><\/p>\n<p><strong>Geeignet f\u00fcr:<\/strong>\u00a0Kachel\u00f6fen, Grund\u00f6fen, Kamin\u00f6fen<\/p>\n<p><strong>St\u00e4rke des Scheites:<\/strong>\u00a0bis ca. 18 cm[\/vc_column_text][vc_column_text]<\/p>\n<hr \/>\n<p>[\/vc_column_text][vc_column_text]<\/p>\n<h2><img loading=\"lazy\" decoding=\"async\" class=\"size-full wp-image-13831 alignleft\" src=\"https:\/\/www.brennholz-dorbath.de\/WP2022\/wp-content\/uploads\/2022\/10\/Buche_und_Eiche_50.jpg\" alt=\"\" width=\"267\" height=\"200\" \/>Scheitholz Buche\/Eiche 50cm\/Euro<\/h2>\n<p><strong>Preis frisch: ab 103,&#8211;\/je srm<br \/>\n<\/strong><\/p>\n<p><strong>Preis trocken:<\/strong>\u00a0\u00a0<strong>(immer Buche\/Esche\/Ahorn und Eiche\/Kirsche gemischt): ab 115,&#8211;\/je srm<br \/>\n<\/strong><br \/>\n<strong>Geeignet f\u00fcr:<\/strong>\u00a0Lagerfeuer, Kachel\u00f6fen, Zentralheizung<\/p>\n<p><strong>St\u00e4rke des Scheites:<\/strong>\u00a0bis ca. 20 cm[\/vc_column_text][vc_column_text]<\/p>\n<hr \/>\n<p>[\/vc_column_text][\/vc_column][\/vc_row]<\/p>\n<\/div>","protected":false},"excerpt":{"rendered":"<p>[vc_row][vc_column][vc_column_text] Bitte beachten Sie auch unsere Aktionen! [\/vc_column_text][vc_column_text] Scheitholz Buche\/Esche\/Ahorn\u00a0 20cm\/Euro Preis frisch: ab 111,&#8211;\/je srm Preis trocken: ab 126,&#8211;\/je srm Geeignet f\u00fcr: Beistellherde, kleine K\u00fcchen\u00f6fen St\u00e4rke des Scheites: bis ca. 11 cm[\/vc_column_text][vc_column_text] [\/vc_column_text][vc_column_text] Scheitholz Buche\/Esche\/Ahorn 25cm fein\/Euro Preis frisch: ab 110,&#8211;\/je srm Preis trocken: ab 125,&#8211;\/je srm Geeignet f\u00fcr:\u00a0Speckstein\u00f6fen, K\u00fcchen\u00f6fen St\u00e4rke des Scheites:\u00a0bis ca. [&hellip;]<\/p>\n","protected":false},"author":1,"featured_media":0,"parent":13808,"menu_order":0,"comment_status":"closed","ping_status":"closed","template":"","meta":{"footnotes":""},"class_list":["post-13813","page","type-page","status-publish","hentry"],"_links":{"self":[{"href":"https:\/\/www.brennholz-dorbath.de\/WP2022\/wp-json\/wp\/v2\/pages\/13813","targetHints":{"allow":["GET"]}}],"collection":[{"href":"https:\/\/www.brennholz-dorbath.de\/WP2022\/wp-json\/wp\/v2\/pages"}],"about":[{"href":"https:\/\/www.brennholz-dorbath.de\/WP2022\/wp-json\/wp\/v2\/types\/page"}],"author":[{"embeddable":true,"href":"https:\/\/www.brennholz-dorbath.de\/WP2022\/wp-json\/wp\/v2\/users\/1"}],"replies":[{"embeddable":true,"href":"https:\/\/www.brennholz-dorbath.de\/WP2022\/wp-json\/wp\/v2\/comments?post=13813"}],"version-history":[{"count":11,"href":"https:\/\/www.brennholz-dorbath.de\/WP2022\/wp-json\/wp\/v2\/pages\/13813\/revisions"}],"predecessor-version":[{"id":14256,"href":"https:\/\/www.brennholz-dorbath.de\/WP2022\/wp-json\/wp\/v2\/pages\/13813\/revisions\/14256"}],"up":[{"embeddable":true,"href":"https:\/\/www.brennholz-dorbath.de\/WP2022\/wp-json\/wp\/v2\/pages\/13808"}],"wp:attachment":[{"href":"https:\/\/www.brennholz-dorbath.de\/WP2022\/wp-json\/wp\/v2\/media?parent=13813"}],"curies":[{"name":"wp","href":"https:\/\/api.w.org\/{rel}","templated":true}]}}